?
12
Let a(k) = -590*k**3 - k**2 - 2*k - 1. Let w be a(-1). Let n = w + -562. Calculate the remainder when 111 is divided by n.
27
Let s(n) = 545*n - 712. Calculate the remainder when s(2) is divided by 187.
4
Let g be -5*((3 - 3) + 6/(-15)). Suppose g*x = 5*x + 4*p + 214, 0 = x + 2*p + 74. Calculate the remainder when ((-8)/3)/(268/x - -4) is divided by 5.
4
Let o = -200 - -204. Suppose -413 = -o*q - 3*q. What is the remainder when q is divided by 13?
7
Suppose 3*z - 123 = -3*n, 24 = 219*z - 215*z. Calculate the remainder when 198 is divided by n.
23
Let h = -5 + 7. Suppose 0*x + h*x = 70. Suppose -245*y - 1366 + 31278 = -12228. Calculate the remainder when y is divided by x.
32
Suppose -3251 = -13*c - a, 0 = -c - 2*a + 133 + 119. What is the remainder when c is divided by 88?
74
Let k(m) = 160*m**2 - 14*m - 14. Let x be k(-3). Suppose 8 + x = 36*v. Calculate the remainder when 448 is divided by v.
38
Let d = -533 + 104. Calculate the remainder when (d/132)/(1/(-16)) is divided by 18.
16
Suppose 5*j - 3*v = 8012, 0*j + 11*v = -j + 1556. What is the remainder when j is divided by 318?
10
Let k = 6 + 9. Suppose -y + 2*g + 47 + 31 = 0, 5*y = -g + 335. What is the remainder when y is divided by k?
8
Suppose 253763 = 167*t - 507757. What is the remainder when t is divided by 27?
24
Let z = -3624 + 3674. Calculate the remainder when 193 is divided by z.
43
Let p(y) = 73*y + 140. Let h(f) = 18*f + 35. Let x(r) = 18*h(r) - 4*p(r). Calculate the remainder when 13 is divided by x(-2).
1
Suppose -672*o = -675*o + 1110. Let c = 5 - -7. Calculate the remainder when o is divided by c.
10
Suppose 36*v - 849394 = -213*v + 67*v. Calculate the remainder when v is divided by 146.
141
Let m be (-5)/((-15)/(-44))*(-4 + 1). Let g = m + -39. Calculate the remainder when 10 is divided by (-3)/g + 36/10.
1
Let f(p) = 10*p**2 - 319*p - 1912. Calculate the remainder when f(-6) is divided by 178.
6
Let h = -1262 + 1860. Let l = h - 587. What is the remainder when 101 is divided by l?
2
Suppose 556*d + 4*u - 30052 = 553*d, 0 = d - u - 10008. Calculate the remainder when d is divided by 189.
184
Let r be (-1)/(-6) - 5/90*-51. Let j(l) = 2*l**3 + l**2 - 4*l + 6. What is the remainder when j(r) is divided by 24?
9
Let i = 11985 + -11945. Calculate the remainder when 364 is divided by i.
4
Calculate the remainder when -2*10/(-80)*2004 is divided by 24.
21
Suppose 618 = 5*f + q, -3*f + 1010*q + 384 = 1015*q. Calculate the remainder when f is divided by 1*2/(-4)*-78.
6
Calculate the remainder when (17 + -14 - 2) + 1030 is divided by 74.
69
Let z be 407/66 + 2/(-12). Suppose 126 = 15*i + z*i. Calculate the remainder when i is divided by 6.
0
Let t(k) = -4*k**3 + 9*k**2 + 9*k + 6. Let j(g) = g**3 + g**2 - 2*g. Let s(o) = 5*j(o) + t(o). Calculate the remainder when 38 is divided by s(-14).
18
Suppose -5*u - 31 = m, 31 = -3*m - 5*u - 42. What is the remainder when (-3168)/(-21) - 3*1/m is divided by 14?
11
Let z be (6 - (3 - 0) - 2)*90. Suppose t + 3*f - z = 3*t, -90 = 2*t - 4*f. Calculate the remainder when 108 is divided by (-4)/(-6) + -498*5/t.
52
Let f = 7691 - 7546. Calculate the remainder when 329 is divided by f.
39
Suppose -103 = -14*r + 13*r. Let u = r - 98. Calculate the remainder when 29 is divided by u.
4
Suppose -98*o + 169 = t - 102*o, 0 = 3*t - 5*o - 479. Suppose 4*f = 108 + 100. What is the remainder when t is divided by f?
49
Let z(v) = -v**3 - 6*v**2 + 25*v + 4. Suppose -653 = -14*h + 803. What is the remainder when h is divided by z(-9)?
16
Let a = -23 - -39. Suppose 3*j + 4 = -f, -3*f + f + 2*j = -a. Suppose 0 = 2*b - 1 + f, r + 3*b = 89. Calculate the remainder when r is divided by 34.
27
Let l be (834/(-7))/(-3) - 28/(-98). Let z(w) = 12*w - 2. Let v be z(-3). Let c = l + v. What is the remainder when 6 is divided by c?
0
Let h = -9197 - -9206. Calculate the remainder when 2076 is divided by h.
6
Let a(o) = 16*o**2 - 1. Let v(u) = u**3 + 13*u**2 - 7*u - 76. What is the remainder when a(-1) is divided by v(-13)?
0
Suppose k - 3 = 0, -2*d - 2*d - k = -475. Let f = -114 + d. What is the remainder when 66 - f*2/(-2) is divided by 9?
7
Let d(t) = t**2 - 23*t + 136. What is the remainder when 178 is divided by d(18)?
40
Let y(g) = 24*g**2 + 29*g + 10. What is the remainder when y(-2) is divided by 22?
4
Let q = -3471 + 3493. What is the remainder when 1422 is divided by q?
14
Suppose 23*n = 22*n. What is the remainder when 65 is divided by -3 - (-1)/(-1)*-7 - n?
1
Suppose -393*c + 382*c = 66. Calculate the remainder when c*115*(-1 + (-39)/(-45)) is divided by 74.
18
Let y = 79 - 46. Suppose -48*b = -40*b + 528. Let z = -61 - b. What is the remainder when y is divided by z?
3
Let h(u) = -28*u**3 - 4*u**2 + 6*u + 3. Let n(p) = -27*p**3 - 5*p**2 + 7*p + 3. Let z(j) = 4*h(j) - 3*n(j). What is the remainder when 57 is divided by z(-1)?
27
Suppose 3*t - 36 = -t. Let d = -181 + 195. Suppose o + 18 + 30 = 2*h, -3*o - d = -h. Calculate the remainder when h is divided by t.
8
Suppose -164 = 3*k + 766. Calculate the remainder when (6882/k)/(16/(-15) + 1) is divided by 24.
21
Let r = -159 - -115. Let m be 5/(40/r - -1). Let y = m + -37. What is the remainder when 87 is divided by y?
15
Suppose 2*p = -2*v + 8, -4*p = -v + 2 - 3. Suppose 0*f = v*f - 24. Let b = -2627 - -2641. Calculate the remainder when b is divided by f.
6
Suppose -5*m + 5*a = -295, 27*m - 25*m = -4*a + 112. Let r(g) = g**3 - 14*g**2 + 8*g - 21. What is the remainder when r(14) is divided by m?
33
Suppose 4*m + 4*c - 52 = 0, 2*m - 164*c - 17 = -169*c. Calculate the remainder when 184 is divided by m.
8
Let l = 596 + -254. Let u = 376 - l. What is the remainder when 64 is divided by u?
30
Let f = 453 + -173. What is the remainder when f is divided by 19?
14
Let a be (2 - -2) + (-35 - 4). Let y = a + 79. Calculate the remainder when y is divided by (13 - -2)/(-4 + 5).
14
Let s = 10 + -6. Suppose -2*o = -s*o - 3*i + 46, 5*o = -3*i + 133. Suppose 7*d + 118 = 503. What is the remainder when d is divided by o?
26
Suppose -6*b + 111 = -279. Suppose 400 = 15*m - b. Calculate the remainder when m is divided by 5.
1
Let w be ((-12 + 11)/(2/(-6)))/3. Suppose -q + w = 2, -4*x - 2*q = -50. Calculate the remainder when 20 is divided by x.
7
Let q = 7 - -29. What is the remainder when q is divided by 2?
0
Let y(i) = -i**3 + 13 - 16*i - 3 - 17*i**2 + 2 - 3. Let a(j) = j**3 + 10*j**2 - 9*j + 6. Let m be a(-11). What is the remainder when 33 is divided by y(m)?
6
Suppose 5*s = 2*j + 3*j + 925, 3*j = 4*s - 555. Let h = j + 242. Calculate the remainder when 109 is divided by h.
52
Suppose 3*b + 16 = 82. Let m = -44 + b. Calculate the remainder when 11/m + (-174)/(-4) is divided by 16.
11
Suppose b + 4039 = 4*q, 5045 = 2249*q - 2244*q - 2*b. What is the remainder when q is divided by 46?
45
Let l be 15*-4*(-2)/5. Suppose -4188 = -l*r - 1452. What is the remainder when r is divided by 9?
6
Let s be 1 - (-213 - (1 - -2)). Let i = s + -48. Calculate the remainder when i is divided by 29.
24
Suppose -32*x = -22*x - 650. What is the remainder when x is divided by 57?
8
Let i = -3048 - -3105. What is the remainder when 8150 is divided by i?
56
Let c = 2613 + -2470. What is the remainder when 2283 is divided by c?
138
Suppose -2*n - n + 46 = 2*c, 0 = 2*n - 4*c - 68. What is the remainder when 1253 is divided by n?
13
Let y(r) = -9*r**2 - 61*r - 15. Calculate the remainder when 1439 is divided by y(-4).
79
Let n = -8 - -36. Suppose 2*h = -9*w + 94, 2*h = 5*w - 25 - 21. Calculate the remainder when 13 is divided by n/6*15/w.
6
Let c(s) = 10*s + 23 + 33 + 305. What is the remainder when 134 is divided by c(-29)?
63
Suppose -97*s = 42*s + 111*s - 1088250. Calculate the remainder when s is divided by 66.
63
Suppose 0 = -177*b + 184*b - 35. Suppose -b*w - 4*f = -130, -32 = -5*w + 2*f + 68. Calculate the remainder when w is divided by 10.
2
Let d = 304 - -61. Let p = -291 + d. Let r(o) = o**3 + 7*o**2 + 4*o - 5. Calculate the remainder when p is divided by r(-5).
24
Suppose -110 = -21*k + 1486. Suppose 3*r = 15, -6*o + 4*o = 4*r - k. Suppose 4*u = -12 + 4, 0 = g - u - 7. What is the remainder when o is divided by g?
3
Suppose 3*z - 657 = 3*g, -190*z = -186*z + 2*g - 858. What is the remainder when 614 is divided by z?
182
Let w = 2423 + -1